{"id":989,"date":"2025-06-17T23:32:12","date_gmt":"2025-06-18T02:32:12","guid":{"rendered":"https:\/\/isdsoto-cba.infd.edu.ar\/sitio\/?page_id=989"},"modified":"2026-03-26T22:40:20","modified_gmt":"2026-03-27T01:40:20","slug":"biblioteca-del-isd","status":"publish","type":"page","link":"https:\/\/isdsoto-cba.infd.edu.ar\/sitio\/biblioteca-del-isd\/","title":{"rendered":"BIBLIOTECA"},"content":{"rendered":"\n<p>Bienvenidos al espacio de Biblioteca. Aqu\u00ed podr\u00e1s acceder a materiales digitales, reglamentos y recursos educativos. A continuaci\u00f3n encontrar\u00e1s una selecci\u00f3n de libros y materiales disponibles para consulta y descarga.<\/p>\n\n<div style=\"display: flex; flex-wrap: wrap; gap: 20px; justify-content: flex-start;\">\n\n  <!-- LIBRO 1 -->\n  <div style=\"width: 180px; text-align: center; border: 1px solid #ddd; border-radius: 8px; padding: 10px;\">\n    <img decoding=\"async\" src=\"https:\/\/isdsoto-cba.infd.edu.ar\/sitio\/wp-content\/uploads\/2025\/06\/D_NQ_NP_702453-MLM50607688248_072022-O.jpeg\" alt=\"Libro 1\" style=\"width:100%; height: auto; border-radius: 4px;\">\n    <p style=\"margin-top: 10px;\"><strong>Educaci\u00f3n y Nuevas Tecnolog\u00edas<\/strong><\/p>\n    <a href=\"https:\/\/isdsoto-cba.infd.edu.ar\/sitio\/docs\/educacion-nuevas-tecnologias.pdf\" class=\"btn btn-sm btn-primary\" target=\"_blank\" rel=\"noopener\">&#x1f4e5; Descargar PDF<\/a>\n  <\/div>\n\n  <!-- LIBRO 2 -->\n  <div style=\"width: 180px; text-align: center; border: 1px solid #ddd; border-radius: 8px; padding: 10px;\">\n    <img decoding=\"async\" src=\"https:\/\/isdsoto-cba.infd.edu.ar\/sitio\/wp-content\/uploads\/2025\/06\/OIP.jpeg\" alt=\"Libro 2\" style=\"width:100%; height: auto; border-radius: 4px;\">\n    <p style=\"margin-top: 10px;\"><strong>Introducci\u00f3n a la Filosof\u00eda<\/strong><\/p>\n    <a href=\"https:\/\/isdsoto-cba.infd.edu.ar\/sitio\/docs\/introduccion-filosofia.pdf\" class=\"btn btn-sm btn-primary\" target=\"_blank\" rel=\"noopener\">&#x1f4e5; Descargar PDF<\/a>\n  <\/div>\n\n  <!-- LIBRO 3 -->\n  <div style=\"width: 180px; text-align: center; border: 1px solid #ddd; border-radius: 8px; padding: 10px;\">\n    <img decoding=\"async\" src=\"https:\/\/isdsoto-cba.infd.edu.ar\/sitio\/wp-content\/uploads\/2025\/06\/OIP-1.jpeg\" alt=\"Libro 3\" style=\"width:100%; height: auto; border-radius: 4px;\">\n    <p style=\"margin-top: 10px;\"><strong>Pr\u00e1cticas del Lenguaje<\/strong><\/p>\n    <a href=\"https:\/\/isdsoto-cba.infd.edu.ar\/sitio\/docs\/practicas-del-lenguaje.pdf\" class=\"btn btn-sm btn-primary\" target=\"_blank\" rel=\"noopener\">&#x1f4e5; Descargar PDF<\/a>\n  <\/div>\n\n<\/div>\n\n\n\n<ul>\n<li><\/li>\n<\/ul>\n","protected":false},"excerpt":{"rendered":"<p>Bienvenidos al espacio de Biblioteca. Aqu\u00ed podr\u00e1s acceder a materiales digitales, reglamentos y recursos educativos. A continuaci\u00f3n encontrar\u00e1s una selecci\u00f3n de libros y materiales disponibles para consulta y descarga. Educaci\u00f3n y Nuevas Tecnolog\u00edas &#x1f4e5; Descargar PDF Introducci\u00f3n a la Filosof\u00eda &#x1f4e5; Descargar PDF Pr\u00e1cticas del Lenguaje &#x1f4e5; Descargar PDF<\/p>\n","protected":false},"author":14,"featured_media":0,"parent":0,"menu_order":0,"comment_status":"closed","ping_status":"closed","template":"","meta":[],"acf":[],"_links":{"self":[{"href":"https:\/\/isdsoto-cba.infd.edu.ar\/sitio\/wp-json\/wp\/v2\/pages\/989"}],"collection":[{"href":"https:\/\/isdsoto-cba.infd.edu.ar\/sitio\/wp-json\/wp\/v2\/pages"}],"about":[{"href":"https:\/\/isdsoto-cba.infd.edu.ar\/sitio\/wp-json\/wp\/v2\/types\/page"}],"author":[{"embeddable":true,"href":"https:\/\/isdsoto-cba.infd.edu.ar\/sitio\/wp-json\/wp\/v2\/users\/14"}],"replies":[{"embeddable":true,"href":"https:\/\/isdsoto-cba.infd.edu.ar\/sitio\/wp-json\/wp\/v2\/comments?post=989"}],"version-history":[{"count":7,"href":"https:\/\/isdsoto-cba.infd.edu.ar\/sitio\/wp-json\/wp\/v2\/pages\/989\/revisions"}],"predecessor-version":[{"id":1026,"href":"https:\/\/isdsoto-cba.infd.edu.ar\/sitio\/wp-json\/wp\/v2\/pages\/989\/revisions\/1026"}],"wp:attachment":[{"href":"https:\/\/isdsoto-cba.infd.edu.ar\/sitio\/wp-json\/wp\/v2\/media?parent=989"}],"curies":[{"name":"wp","href":"https:\/\/api.w.org\/{rel}","templated":true}]}}